{"id":513,"date":"2019-01-16T16:17:19","date_gmt":"2019-01-16T16:17:19","guid":{"rendered":"http:\/\/www.diana.com.ro\/?post_type=produse&#038;p=513"},"modified":"2026-03-25T14:23:11","modified_gmt":"2026-03-25T14:23:11","slug":"carnati-patricieni","status":"publish","type":"produse","link":"https:\/\/dianagusturirasfatate.ro\/en\/produse\/carnati-patricieni\/","title":{"rendered":"Patricieni Sausages"},"content":{"rendered":"<p class=\"qtranxs-available-languages-message qtranxs-available-languages-message-en\">Sorry, this entry is only available in <a href=\"https:\/\/dianagusturirasfatate.ro\/ro\/wp-json\/wp\/v2\/produse\/513\" class=\"qtranxs-available-language-link qtranxs-available-language-link-ro\" title=\"RO\">RO<\/a>.<\/p><p>Gust intens \u0219i consisten\u021b\u0103 bogat\u0103, pentru cei care prefer\u0103 preparatele cu personalitate. C\u00e2rna\u021bii Patricieni DIANA sunt realiza\u021bi dintr-o combina\u021bie echilibrat\u0103 de ingrediente \u0219i condimenta\u021bi cu usturoi, piper \u0219i cimbru, pentru o arom\u0103 bine conturat\u0103.<\/p>\n\n\n\n<p>Fier\u021bi \u0219i afuma\u021bi cu fum natural din lemn de fag, ofer\u0103 o textur\u0103 suculent\u0103 \u0219i un gust plin, potrivit pentru mese consistente.<\/p>\n\n\n\n<p>Ideali pentru gr\u0103tar sau tigaie, al\u0103turi de mu\u0219tar, cartofi sau mur\u0103turi. Se potrivesc perfect \u00een mese s\u0103\u021bioase, cu gust intens.<\/p>","protected":false},"featured_media":1205,"template":"","categories":[11],"tags":[],"class_list":["post-513","produse","type-produse","status-publish","has-post-thumbnail","hentry","category-carnati"],"acf":[],"_links":{"self":[{"href":"https:\/\/dianagusturirasfatate.ro\/en\/wp-json\/wp\/v2\/produse\/513","targetHints":{"allow":["GET"]}}],"collection":[{"href":"https:\/\/dianagusturirasfatate.ro\/en\/wp-json\/wp\/v2\/produse"}],"about":[{"href":"https:\/\/dianagusturirasfatate.ro\/en\/wp-json\/wp\/v2\/types\/produse"}],"wp:featuredmedia":[{"embeddable":true,"href":"https:\/\/dianagusturirasfatate.ro\/en\/wp-json\/wp\/v2\/media\/1205"}],"wp:attachment":[{"href":"https:\/\/dianagusturirasfatate.ro\/en\/wp-json\/wp\/v2\/media?parent=513"}],"wp:term":[{"taxonomy":"category","embeddable":true,"href":"https:\/\/dianagusturirasfatate.ro\/en\/wp-json\/wp\/v2\/categories?post=513"},{"taxonomy":"post_tag","embeddable":true,"href":"https:\/\/dianagusturirasfatate.ro\/en\/wp-json\/wp\/v2\/tags?post=513"}],"curies":[{"name":"wp","href":"https:\/\/api.w.org\/{rel}","templated":true}]}}

<p class="qtranxs-available-languages-message qtranxs-available-languages-message-en">Sorry, this entry is only available in <a href="https://dianagusturirasfatate.ro/ro/wp-json/wp/v2/produse/513" class="qtranxs-available-language-link qtranxs-available-language-link-ro" title="RO">RO</a>.</p><p>Gust intens și consistență bogată, pentru cei care preferă preparatele cu personalitate. Cârnații Patricieni DIANA sunt realizați dintr-o combinație echilibrată de ingrediente și condimentați cu usturoi, piper și cimbru, pentru o aromă bine conturată.</p>



<p>Fierți și afumați cu fum natural din lemn de fag, oferă o textură suculentă și un gust plin, potrivit pentru mese consistente.</p>



<p>Ideali pentru grătar sau tigaie, alături de muștar, cartofi sau murături. Se potrivesc perfect în mese sățioase, cu gust intens.</p>
