{"id":515,"date":"2019-01-16T16:18:10","date_gmt":"2019-01-16T16:18:10","guid":{"rendered":"http:\/\/www.diana.com.ro\/?post_type=produse&#038;p=515"},"modified":"2026-03-25T14:16:01","modified_gmt":"2026-03-25T14:16:01","slug":"carnati-ardelenesti","status":"publish","type":"produse","link":"https:\/\/dianagusturirasfatate.ro\/en\/produse\/carnati-ardelenesti\/","title":{"rendered":"Ardelene\u0219ti Sausages"},"content":{"rendered":"<p class=\"qtranxs-available-languages-message qtranxs-available-languages-message-en\">Sorry, this entry is only available in <a href=\"https:\/\/dianagusturirasfatate.ro\/ro\/wp-json\/wp\/v2\/produse\/515\" class=\"qtranxs-available-language-link qtranxs-available-language-link-ro\" title=\"RO\">RO<\/a>.<\/p><p>Gusto\u0219i \u0219i bine echilibra\u021bi, C\u00e2rna\u021bii Ardelene\u0219ti DIANA sunt inspira\u021bi din stilul preparatelor tradi\u021bionale, oferind un gust pl\u0103cut \u0219i o arom\u0103 moderat\u0103, potrivit\u0103 pentru mesele de zi cu zi.<\/p>\n\n\n\n<p>Afuma\u021bi cu fum natural din lemn de fag, au o textur\u0103 fraged\u0103 \u0219i un profil echilibrat, u\u0219or de integrat \u00een diverse preparate.<\/p>\n\n\n\n<p>Ideali pentru tigaie sau gr\u0103tar, al\u0103turi de cartofi, legume sau mur\u0103turi. Se potrivesc foarte bine \u0219i \u00een sandvi\u0219uri calde, pentru o mas\u0103 rapid\u0103 \u0219i consistent\u0103.<\/p>","protected":false},"featured_media":1196,"template":"","categories":[11],"tags":[],"class_list":["post-515","produse","type-produse","status-publish","has-post-thumbnail","hentry","category-carnati"],"acf":[],"_links":{"self":[{"href":"https:\/\/dianagusturirasfatate.ro\/en\/wp-json\/wp\/v2\/produse\/515","targetHints":{"allow":["GET"]}}],"collection":[{"href":"https:\/\/dianagusturirasfatate.ro\/en\/wp-json\/wp\/v2\/produse"}],"about":[{"href":"https:\/\/dianagusturirasfatate.ro\/en\/wp-json\/wp\/v2\/types\/produse"}],"wp:featuredmedia":[{"embeddable":true,"href":"https:\/\/dianagusturirasfatate.ro\/en\/wp-json\/wp\/v2\/media\/1196"}],"wp:attachment":[{"href":"https:\/\/dianagusturirasfatate.ro\/en\/wp-json\/wp\/v2\/media?parent=515"}],"wp:term":[{"taxonomy":"category","embeddable":true,"href":"https:\/\/dianagusturirasfatate.ro\/en\/wp-json\/wp\/v2\/categories?post=515"},{"taxonomy":"post_tag","embeddable":true,"href":"https:\/\/dianagusturirasfatate.ro\/en\/wp-json\/wp\/v2\/tags?post=515"}],"curies":[{"name":"wp","href":"https:\/\/api.w.org\/{rel}","templated":true}]}}

Ardelenești Sausages

<p class="qtranxs-available-languages-message qtranxs-available-languages-message-en">Sorry, this entry is only available in <a href="https://dianagusturirasfatate.ro/ro/wp-json/wp/v2/produse/515" class="qtranxs-available-language-link qtranxs-available-language-link-ro" title="RO">RO</a>.</p><p>Gustoși și bine echilibrați, Cârnații Ardelenești DIANA sunt inspirați din stilul preparatelor tradiționale, oferind un gust plăcut și o aromă moderată, potrivită pentru mesele de zi cu zi.</p>



<p>Afumați cu fum natural din lemn de fag, au o textură fragedă și un profil echilibrat, ușor de integrat în diverse preparate.</p>



<p>Ideali pentru tigaie sau grătar, alături de cartofi, legume sau murături. Se potrivesc foarte bine și în sandvișuri calde, pentru o masă rapidă și consistentă.</p>
