{"id":721,"date":"2019-01-25T10:36:43","date_gmt":"2019-01-25T10:36:43","guid":{"rendered":"http:\/\/www.diana.com.ro\/?post_type=produse&#038;p=721"},"modified":"2026-04-02T08:24:15","modified_gmt":"2026-04-02T08:24:15","slug":"snitel-vita","status":"publish","type":"produse","link":"https:\/\/dianagusturirasfatate.ro\/en\/produse\/snitel-vita\/","title":{"rendered":"\u0218ni\u021bel de Vit\u0103 DIANA"},"content":{"rendered":"<p class=\"qtranxs-available-languages-message qtranxs-available-languages-message-en\">Sorry, this entry is only available in <a href=\"https:\/\/dianagusturirasfatate.ro\/ro\/wp-json\/wp\/v2\/produse\/721\" class=\"qtranxs-available-language-link qtranxs-available-language-link-ro\" title=\"RO\">RO<\/a>.<\/p><p>Ob\u021binut din carne de vit\u0103 atent selec\u021bionat\u0103, \u0218ni\u021belul de Vit\u0103 DIANA se remarc\u0103 prin textura fraged\u0103 \u0219i gustul pl\u0103cut, potrivit pentru preparate rapide.<\/p>\n\n\n\n<p>Feliat corespunz\u0103tor pentru g\u0103tire, este u\u0219or de utilizat \u0219i ofer\u0103 un rezultat uniform, ideal pentru mesele de zi cu zi.<\/p>\n\n\n\n<p>Ideal pentru \u0219ni\u021bele clasice, la tigaie, al\u0103turi de cartofi, salate sau alte garnituri.<\/p>","protected":false},"featured_media":1156,"template":"","categories":[3,8],"tags":[],"class_list":["post-721","produse","type-produse","status-publish","has-post-thumbnail","hentry","category-produse","category-carne-vita"],"acf":[],"_links":{"self":[{"href":"https:\/\/dianagusturirasfatate.ro\/en\/wp-json\/wp\/v2\/produse\/721","targetHints":{"allow":["GET"]}}],"collection":[{"href":"https:\/\/dianagusturirasfatate.ro\/en\/wp-json\/wp\/v2\/produse"}],"about":[{"href":"https:\/\/dianagusturirasfatate.ro\/en\/wp-json\/wp\/v2\/types\/produse"}],"wp:featuredmedia":[{"embeddable":true,"href":"https:\/\/dianagusturirasfatate.ro\/en\/wp-json\/wp\/v2\/media\/1156"}],"wp:attachment":[{"href":"https:\/\/dianagusturirasfatate.ro\/en\/wp-json\/wp\/v2\/media?parent=721"}],"wp:term":[{"taxonomy":"category","embeddable":true,"href":"https:\/\/dianagusturirasfatate.ro\/en\/wp-json\/wp\/v2\/categories?post=721"},{"taxonomy":"post_tag","embeddable":true,"href":"https:\/\/dianagusturirasfatate.ro\/en\/wp-json\/wp\/v2\/tags?post=721"}],"curies":[{"name":"wp","href":"https:\/\/api.w.org\/{rel}","templated":true}]}}

Șnițel de Vită DIANA

<p class="qtranxs-available-languages-message qtranxs-available-languages-message-en">Sorry, this entry is only available in <a href="https://dianagusturirasfatate.ro/ro/wp-json/wp/v2/produse/721" class="qtranxs-available-language-link qtranxs-available-language-link-ro" title="RO">RO</a>.</p><p>Obținut din carne de vită atent selecționată, Șnițelul de Vită DIANA se remarcă prin textura fragedă și gustul plăcut, potrivit pentru preparate rapide.</p>



<p>Feliat corespunzător pentru gătire, este ușor de utilizat și oferă un rezultat uniform, ideal pentru mesele de zi cu zi.</p>



<p>Ideal pentru șnițele clasice, la tigaie, alături de cartofi, salate sau alte garnituri.</p>
